when 81859 is divided by 553.
15
What is the remainder when 20055 is divided by 170?
165
What is the remainder when 2363 is divided by 966?
431
What is the remainder when 13504 is divided by 132?
40
What is the remainder when 200276 is divided by 3?
2
Calculate the remainder when 195817 is divided by 1119.
1111
Calculate the remainder when 132599 is divided by 161.
96
What is the remainder when 1605 is divided by 267?
3
Calculate the remainder when 3567 is divided by 170.
167
Calculate the remainder when 7482 is divided by 7453.
29
Calculate the remainder when 5767845 is divided by 989.
986
What is the remainder when 2035828 is divided by 746?
740
Calculate the remainder when 4998 is divided by 80.
38
Calculate the remainder when 8503 is divided by 2768.
199
Calculate the remainder when 4068 is divided by 1119.
711
Calculate the remainder when 67751 is divided by 67733.
18
Calculate the remainder when 83554 is divided by 983.
982
Calculate the remainder when 66687 is divided by 15.
12
What is the remainder when 1819 is divided by 504?
307
What is the remainder when 73490 is divided by 15?
5
What is the remainder when 637 is divided by 187?
76
What is the remainder when 102778 is divided by 180?
178
What is the remainder when 149638 is divided by 120?
118
Calculate the remainder when 33969 is divided by 3771.
30
What is the remainder when 22199 is divided by 2465?
14
Calculate the remainder when 363988 is divided by 1052.
1048
What is the remainder when 1661 is divided by 277?
276
What is the remainder when 47835 is divided by 29?
14
Calculate the remainder when 26477 is divided by 39.
35
What is the remainder when 71818 is divided by 630?
628
Calculate the remainder when 2754 is divided by 315.
234
Calculate the remainder when 44819 is divided by 83.
82
Calculate the remainder when 40926 is divided by 4.
2
What is the remainder when 716627 is divided by 267?
266
Calculate the remainder when 5176 is divided by 157.
152
What is the remainder when 10981 is divided by 1408?
1125
Calculate the remainder when 3689 is divided by 512.
105
What is the remainder when 22557 is divided by 1609?
31
Calculate the remainder when 328197 is divided by 171.
48
Calculate the remainder when 26828 is divided by 1118.
1114
What is the remainder when 2722 is divided by 178?
52
What is the remainder when 46867 is divided by 79?
20
Calculate the remainder when 7569 is divided by 61.
5
Calculate the remainder when 2474 is divided by 31.
25
Calculate the remainder when 91131 is divided by 1249.
1203
Calculate the remainder when 2457 is divided by 221.
26
What is the remainder when 75991 is divided by 95?
86
Calculate the remainder when 75132 is divided by 99.
90
What is the remainder when 100655 is divided by 9124?
291
Calculate the remainder when 23285 is divided by 46.
9
Calculate the remainder when 28022 is divided by 113.
111
What is the remainder when 67782 is divided by 2186?
16
Calculate the remainder when 4814 is divided by 647.
285
Calculate the remainder when 2948 is divided by 143.
88
Calculate the remainder when 2191 is divided by 72.
31
Calculate the remainder when 465 is divided by 15.
0
What is the remainder when 70013 is divided by 28?
13
Calculate the remainder when 11675 is divided by 625.
425
Calculate the remainder when 42630 is divided by 533.
523
Calculate the remainder when 12860 is divided by 72.
44
Calculate the remainder when 32797 is divided by 29.
27
Calculate the remainder when 6344 is divided by 1000.
344
Calculate the remainder when 34288 is divided by 5695.
118
Calculate the remainder when 82594 is divided by 637.
421
Calculate the remainder when 695 is divided by 177.
164
What is the remainder when 26318 is divided by 35?
33
What is the remainder when 3813 is divided by 1245?
78
Calculate the remainder when 3210 is divided by 945.
375
What is the remainder when 3808 is divided by 540?
28
Calculate the remainder when 2301 is divided by 144.
141
Calculate the remainder when 15945 is divided by 7675.
595
Calculate the remainder when 2725 is divided by 233.
162
Calculate the remainder when 15525 is divided by 1724.
9
Calculate the remainder when 286168 is divided by 5.
3
What is the remainder when 75891 is divided by 75811?
80
Calculate the remainder when 4733 is divided by 1137.
185
Calculate the remainder when 251326 is divided by 352.
350
What is the remainder when 3154 is divided by 866?
556
Calculate the remainder when 12398 is divided by 19.
10
Calculate the remainder when 10604 is divided by 71.
25
What is the remainder when 2100 is divided by 270?
210
What is the remainder when 243035 is divided by 38?
25
What is the remainder when 18827 is divided by 18819?
8
Calculate the remainder when 33614 is divided by 6604.
594
Calculate the remainder when 6211 is divided by 476.
23
What is the remainder when 1888 is divided by 499?
391
Calculate the remainder when 3336 is divided by 49.
4
What is the remainder when 16062 is divided by 73?
2
What is the remainder when 8820 is divided by 401?
399
What is the remainder when 2893934 is divided by 15?
14
What is the remainder when 11256 is divided by 75?
6
What is the remainder when 26535 is divided by 62?
61
Calculate the remainder when 34424 is divided by 75.
74
Calculate the remainder when 807053 is divided by 21.
2
Calculate the remainder when 61152 is divided by 443.
18
What is the remainder when 6542 is divided by 1965?
647
What is the remainder when 635 is divided by 220?
195
What is the remainder when 46289 is divided by 12?
5
Calculate the remainder when 32912 is divided by 16417.
78
What is the remainder when 84574 is divided by 51?
16
What is the remainder when 1537 is divided by 436?
229
Calculate the remainder when 27074 is divided by 61.
51
Calculate the remainder when 330836 is divided by 1497.
1496
Calculate the remainder when 124726 is divided by 12.
10
What is the remainder when 278598 is divided by 50?
48
Calculate the remainder when 36196 is divided by 100.
96
What is the remainder when 525247 is divided by 17?
15
What is the remainder when 506019 is divided by 4478?
5
Calculate the remainder when 492 is divided by 236.
20
Calculate the remainder when 3124 is divided by 859.
547
What is the remainder when 33068 is divided by 34?
20
What is the remainder when 702 is divided by 19?
18
Calculate the remainder when 4906 is divided by 57.
4
What is the remainder when 1420 is divided by 192?
76
Calculate the remainder when 4090 is divided by 22.
20
What is the remainder when 102622 is divided by 6413?
14
Calculate the remainder when 21081 is divided by 4214.
11
Calculate the remainder when 81864 is divided by 9095.
9
Calculate the remainder when 158 is divided by 96.
62
Calculate the remainder when 99609 is divided by 99543.
66
What is the remainder when 1527 is divided by 220?
207
What is the remainder when 1617 is divided by 798?
21
What is the remainder when 52812 is divided by 7541?
25
Calculate the remainder when 29237 is divided by 1006.
63
What is the remainder when 7162 is divided by 358?
2
What is the remainder when 49018 is divided by 228?
226
What is the remainder when 13483 is divided by 6733?
17
Calculate the remainder when 72105 is divided by 1502.
9
Calculate the remainder when 76032 is divided by 15.
12
What is the remainder when 474 is divided by 22?
12
What is the remainder when 2062210 is divided by 48?
34
Calculate the remainder when 66524 is divided by 91.
3
What is the remainder when 26989 is divided by 378?
151
What is the remainder when 12795 is divided by 197?
187
What is the remainder when 1257 is divided by 55?
47
Calculate the remainder when 16323 is divided by 93.
48
Calculate the remainder when 12971 is divided by 36.
11
What is the remainder when 16679 is divided by 43?
38
What is the remainder when 6820 is divided by 69?
58
Calculate the remainder when 9902 is divided by 153.
110
Calculate the remainder when 51662 is divided by 6453.
38
Calculate the remainder when 201723 is divided by 83.
33
What is the remainder when 3518 is divided by 1701?
116
Calculate the remainder when 338168 is divided by 167.
160
Calculate the remainder when 232261 is divided by 131.
129
Calculate the remainder when 3853 is divided by 1714.
425
What is the remainder when 